
Does 3 divide 8446357?
False
Is 64 a factor of 27502848?
True
Is 957 a factor of 1827471888?
True
Does 318 divide 27580458?
True
Is 217 a factor of 6097483?
True
Is 39 a factor of 560551237?
False
Does 7181 divide 306197840?
True
Does 2209 divide 135565829?
False
Is 110933335 a multiple of 797?
False
Does 21 divide 261585765?
True
Is 188 a factor of 39824980?
True
Does 161 divide 20740566?
False
Is 33430351 a multiple of 1744?
False
Is 42229680 a multiple of 179?
True
Is 78 a factor of 420609072?
True
Is 959 a factor of 99521184?
True
Does 12 divide 250214991?
False
Does 4 divide 31816464?
True
Is 1786 a factor of 28793892?
True
Is 150 a factor of 25435500?
True
Does 10 divide 154056180?
True
Does 2583 divide 21425985?
True
Is 12 a factor of 106842228?
True
Is 71722084 a multiple of 55?
False
Is 46865118 a multiple of 1279?
True
Does 28 divide 19177751?
False
Does 10 divide 463030?
True
Is 5 a factor of 738689298?
False
Is 171327992 a multiple of 3?
False
Does 45 divide 1956151305?
True
Does 14 divide 96826730?
True
Is 151933020 a multiple of 1525?
False
Does 108 divide 614747205?
False
Is 78959176 a multiple of 788?
True
Does 1125 divide 26366625?
True
Is 42 a factor of 38529834?
True
Does 2987 divide 118500264?
True
Is 8 a factor of 172790504?
True
Is 279 a factor of 10428183?
True
Does 14 divide 3782153414?
False
Is 284 a factor of 3820506975?
False
Is 974078000 a multiple of 560?
True
Is 32 a factor of 1060456128?
True
Is 2646680 a multiple of 22?
False
Does 5 divide 35114002?
False
Is 1716 a factor of 228957300?
True
Is 38442184 a multiple of 604?
True
Does 32 divide 24467680?
True
Does 26 divide 164907886?
True
Does 5 divide 67044899?
False
Does 23 divide 3646407214?
False
Is 9 a factor of 58493596?
False
Is 40 a factor of 21152960?
True
Is 260710744 a multiple of 28?
True
Is 78 a factor of 9212268?
True
Is 702 a factor of 177491574?
True
Does 1197 divide 752332548?
False
Does 15 divide 13446675?
True
Does 3 divide 9051657?
True
Is 30642351 a multiple of 766?
False
Is 2008 a factor of 458384277?
False
Does 326 divide 7056596?
True
Is 78 a factor of 6768894?
False
Is 52605283 a multiple of 435?
False
Is 172582888 a multiple of 536?
True
Is 1914 a factor of 1508507616?
True
Is 308061504 a multiple of 576?
True
Does 155 divide 54223030?
True
Is 103 a factor of 2223751151?
True
Is 22 a factor of 68910180?
False
Is 565 a factor of 903844625?
True
Is 688431572 a multiple of 4?
True
Is 1463946205 a multiple of 29?
False
Is 2244 a factor of 115043481?
False
Is 144 a factor of 105770160?
True
Is 1147 a factor of 712484284?
True
Is 25 a factor of 1041085396?
False
Does 55 divide 14188619?
False
Does 1565 divide 112614270?
True
Is 2732750 a multiple of 10?
True
Is 8 a factor of 39712888?
True
Does 182 divide 5796709828?
True
Is 38658830 a multiple of 14?
True
Is 1916056604 a multiple of 9427?
True
Is 1647508739 a multiple of 45?
False
Is 2128 a factor of 103869580?
False
Is 1709 a factor of 57526649?
True
Is 46 a factor of 74039204?
False
Is 34 a factor of 84690849?
False
Is 2219 a factor of 2272899510?
True
Is 279058582 a multiple of 32?
False
Does 73 divide 2960994741?
False
Is 372 a factor of 54884146?
False
Is 546350694 a multiple of 8946?
False
Does 17 divide 211787547?
True
Is 443974703 a multiple of 13?
False
Is 18713141 a multiple of 22?
False
Is 252 a factor of 87010952?
False
Is 5866476 a multiple of 44?
True
Is 9 a factor of 1050702957?
True
Is 12 a factor of 72072189?
False
Is 1663010836 a multiple of 6071?
False
Does 43 divide 123672801?
False
Is 337291065 a multiple of 1299?
False
Is 8 a factor of 20511688?
True
Does 9 divide 25362225?
True
Is 4210370 a multiple of 2663?
False
Does 75 divide 2396550?
True
Does 3889 divide 1666156492?
True
Is 55339200 a multiple of 810?
True
Is 81375672 a multiple of 147?
True
Is 160525604 a multiple of 22?
False
Is 1341 a factor of 84765726?
False
Is 4119 a factor of 518610933?
True
Is 146 a factor of 57519912?
True
Is 7461764 a multiple of 61?
True
Is 11403919 a multiple of 237?
False
Is 17171496 a multiple of 68?
True
Is 327730473 a multiple of 69?
True
Does 4541 divide 930537179?
True
Does 1944 divide 80716824?
True
Is 38 a factor of 465778084?
True
Is 5 a factor of 9349208?
False
Is 1064 a factor of 6277600?
True
Is 63268526 a multiple of 1388?
False
Is 346 a factor of 47838306?
True
Is 226876 a multiple of 668?
False
Is 188898959 a multiple of 199?
True
Is 4 a factor of 238668970?
False
Is 77610764 a multiple of 14?
True
Is 99 a factor of 64809133?
False
Is 38523606 a multiple of 1235?
False
Is 1116 a factor of 1103678204?
False
Is 42730950 a multiple of 565?
True
Is 15472191 a multiple of 8?
False
Does 19 divide 63655910?
False
Is 387347562 a multiple of 42?
True
Is 3331 a factor of 299000214?
False
Is 44 a factor of 66853313?
False
Is 9809 a factor of 3835191483?
True
Does 23 divide 4713740732?
False
Is 335410830 a multiple of 10?
True
Is 453493 a multiple of 3?
False
Is 29 a factor of 467306?
True
Does 32 divide 3233252320?
True
Is 44 a factor of 262449925?
False
Does 4672 divide 596510248?
False
Is 1094591904 a multiple of 14?
True
Does 275 divide 13264625?
True
Does 50 divide 558092250?
True
Does 145 divide 38803015?
True
Does 1036 divide 347886466?
False
Is 705292125 a multiple of 125?
True
Is 20711121 a multiple of 57?
True
Is 520746708 a multiple of 3266?
False
Is 2723470032 a multiple of 114?
True
Is 62194608 a multiple of 216?
True
Is 249 a factor of 100047951?
True
Is 1734310599 a multiple of 8?
False
Does 15 divide 42321660?
True
Is 8589590 a multiple of 98?
False
Does 122 divide 353869667?
False
Is 13 a factor of 26195853?
False
Is 793851716 a multiple of 348?
False
Is 25 a factor of 131444950?
True
Is 326182766 a multiple of 182?
True
Is 346 a factor of 420833226?
True
Is 53 a factor of 1625878032?
True
Is 899662475 a multiple of 25?
True
Is 1110357460 a multiple of 1396?
True
Is 436 a factor of 50182292?
True
Is 23678256 a multiple of 48?
True
Does 1409 divide 36786172?
True
Is 103187370 a multiple of 30?
True
Is 4 a factor of 12889209?
False
Is 696041510 a multiple of 10?
True
Is 4024 a factor of 84728658?
False
Is 2684599102 a multiple of 14?
False
Does 250 divide 100810000?
True
Does 68 divide 257888333?
False
Does 3 divide 43906799?
False
Is 1000373446 a multiple of 6?
False
Is 1342 a factor of 1319194199?
False
Is 113099 a multiple of 749?
True
Is 15778247 a multiple of 1252?
False
Does 21 divide 1016034?
False
Is 89866660 a multiple of 1642?
True
Does 11 divide 6864022?
True
Is 235837215 a multiple of 43?
False
Is 129288928 a multiple of 32?
True
Is 142 a factor of 346501427?
False
Is 29705400 a multiple of 75?
True
Does 7 divide 1088920?
True
Is 212911132 a multiple of 28?
True
Is 188838150 a multiple of 1915?
True
Is 27326420 a multiple of 220?
True
Is 59 a factor of 129813334?
True
Is 197 a factor of 144727232?
True
Does 650 divide 31979659?
False
Is 531210796 a multiple of 24?
False
Is 600243482 a multiple of 62?
False
Is 1548 a factor of 6439618?
False
Does 3932 divide 2101481747?
False
Is 199430736 a multiple of 24?
True
Is 4024 a factor of 4659809?
False
Does 4040 divide 274013000?
True
Does 113 divide 10125028?
False
Does 1080 divide 2513160?
True
Is 13 a factor of 3962981334?
True
Is 27 a factor of 29064455?
False
Is 405146 a multiple of 2?
True
Is 29047936 a multiple of 264?
False
Is 2459 a factor of 41827590?
True
Does 9 divide 53931095?
False
Is 73159255 even?
False
Does 5113 divide 147949768?
True
Is 1565627852 a multiple of 11?
False
Is 1054719858 a multiple of 2066?
True
Is 164 a factor of 38679236?
True
Does 3586 divide 3963066218?
False
Is 1963 a factor of 395870358?
True
Is 305107937 a multiple of 74?
False
Is 72637785 a multiple of 14?
False
Is 28391681 a multiple of 24?
False
Is 458 a factor of 1957199259?
False
Is 53792880 a multiple of 80?
True
Does 4 divide 15441209?
False
Does 368 divide 248951632?
True
Is 30004380 a multiple of 126?
True
Is 68781250 a multiple of 2201?
True
Is 29 a factor of 58512227?
True
Is 122 a factor of 307452322?
True
Is 10 a factor of 70124880?
True
Is 537 a factor of 19184202?
False
Is 1473647009 a multiple of 2883?
False
Does 35 divide 85984780?
True
Is 3276312471 a multiple of 1265?
False
Is 235422881 a multiple of 429